 49*l - c. List the prime factors of l.
2, 61
Let m be (6/4)/((-9)/72). List the prime factors of 2/m - 15608/(-48).
5, 13
Let k(p) = -44*p**3 - 5*p**2 - 6*p + 11. What are the prime factors of k(-6)?
9371
Let a be (-20)/((-2)/4*(2 + 0)). Let l be ((-10)/a)/(1/2). Let k = 26 - l. What are the prime factors of k?
3
Suppose 4*p + 4 = 6*p + y, -20 = p - 5*y. Suppose 10*w + 2*w + 372 = p. Let j = -27 - w. What are the prime factors of j?
2
Let q be (2 + (-48)/20)*-5. Suppose 4*r - q - 6 = 0. Suppose 0 = -r*b - 2*u + 232, 0*u + 229 = 2*b - u. What are the prime factors of b?
5, 23
Let p be 4/24 + -46*4/(-48). Suppose -130 = -14*y + 94. Suppose -p*b + y*b = 2340. What are the prime factors of b?
3, 5, 13
Suppose -60 = 10*o - 25*o. Suppose o*s = -24*s + 11312. What are the prime factors of s?
2, 101
Let u = 53 - 49. Let h(i) be the third derivative of i**6/30 - 3*i**5/20 - 5*i**4/24 + 5*i**3/6 - 15*i**2. What are the prime factors of h(u)?
97
What are the prime factors of (-14)/8*69214*(-388)/679?
2, 34607
Let t(g) = 5*g**2 + 233*g - 278. What are the prime factors of t(-69)?
2, 5, 149
Let j = 239 + -134. Suppose 5 = 5*u - 2*b, -3*b + 6 = 7*u - 10*u. Suppose 4*t - u*i = 243 + j, -5*i = 4*t - 380. What are the prime factors of t?
2, 3, 5
Suppose -30*n + 33*n = 12. Let b(c) = -c + 8. Let q be b(n). Suppose 2*i - i = -4*x + 28, -q*i = 2*x - 112. What are the prime factors of i?
2, 7
Suppose 2*i - 27*i - 13382 = -124782. What are the prime factors of i?
2, 557
Let c(o) = 24*o**2 + 55*o - 9. List the prime factors of c(-23).
2, 5711
Let c = 40337 - 25568. List the prime factors of c.
3, 547
Suppose k + 15906 = j, 79524 = -229*j + 234*j - 2*k. List the prime factors of j.
2, 7, 71
Suppose -v + 298 = -0*l + 2*l, 2*l = v + 306. Suppose -f + x - l = -2*f, -5*x - 715 = -5*f. List the prime factors of (-3 - -4) + (0 + f)/3.
2, 5
Suppose 0 = 5*f - f + 48. Let s be 3 + f/3 + (333 - 2). Suppose 4*l - s = 2*v, v = -v - 6. What are the prime factors of l?
3
Suppose 4074 = -3*q + 10*q. Let l = q - 248. List the prime factors of l.
2, 167
Let u = -32819 - -68704. What are the prime factors of u?
5, 7177
What are the prime factors of (-12)/14 - 88812480/(-2982)?
2, 14891
Let s(h) = -h**2 - 9*h + 4. Let m be s(-8). Suppose -m*j + 8*j + 16 = 0. Suppose 5*k - 2*k = -j*w + 197, 3 = k. List the prime factors of w.
47
Let t = -7946 - -12610. What are the prime factors of t?
2, 11, 53
What are the prime factors of (5269*9/(-12))/(13/(624/(-3)))?
2, 3, 11, 479
Let i(h) = -7 - 7*h**2 - h - 2*h**2 - 15*h**2 + 6. Let r be i(2). Let a = -25 - r. What are the prime factors of a?
2, 37
Suppose 52*u + 737 = 113. Let a(t) = -2*t**3 + 2*t**2 + t - 2. Let f be a(2). List the prime factors of 6/f - 213/u.
17
Suppose -3*b - 16*m + 46500 = -12*m, 0 = -b + 5*m + 15519. Suppose -33*l + 45*l = b. List the prime factors of l.
2, 17, 19
What are the prime factors of 61048/15 + ((-197)/(-15) - (-1690)/(-130))?
2, 5, 11, 37
Let b be (23/2)/((-4)/16*-2). Suppose -b - 67 = 2*c. Let w = c - -60. List the prime factors of w.
3, 5
Let k = -289 - -420. Let y be 13*4/16 - (0 + (-12)/16). Suppose -475 + k = -y*c. List the prime factors of c.
2, 43
Let t(y) = -31*y + 2. Let x be t(0). Suppose -x*i - 1240 = -5*z, -8 = -3*i - 23. What are the prime factors of z?
2, 3, 41
Let w(c) = 2*c**3 - 21*c**2 + 19*c + 67. What are the prime factors of w(18)?
11, 479
Let j(a) = -284*a - 1604. List the prime factors of j(-70).
2, 3, 1523
Suppose -2*o + 0*w - w - 608 = 0, -310 = o + 2*w. Let l = 85 - o. List the prime factors of l.
3, 43
Suppose 291 + 192 = 21*j. Suppose j*x - 13174 - 26409 = 0. List the prime factors of x.
1721
Suppose 3*z + 30*x = 34*x + 45647, 2*z + 2*x - 30464 = 0. What are the prime factors of z?
3, 5, 7, 29
What are the prime factors of 1885716/216 - (10/(-12) + 0)?
8731
Let b = -24 - -87. Suppose 3*f - 14 = -56. Let u = b + f. List the prime factors of u.
7
Suppose -114515 = 46*h - 543695. What are the prime factors of h?
2, 3, 5, 311
Suppose 0 = w - 1, 0 = -2*y - 13*w + 18*w - 1251. What are the prime factors of -11 - -11 - (0 + y)?
7, 89
Suppose -8*t = -0*t - 16. Suppose -9*s + 28 = -t*s. Suppose s*w - 407 - 93 = 0. List the prime factors of w.
5
What are the prime factors of ((-60)/24)/((-90)/1731924)?
48109
Suppose 0 = -4*s - 3*j + 52, s = -s + j + 16. Suppose 0 = 3*k + s*k - 3172. What are the prime factors of k?
2, 61
Suppose -4*g - 6006 + 29546 = 0. Suppose 10*p = g + 795. List the prime factors of p.
2, 167
Suppose -5*t + 4*p + 5 = 0, -4*t + 2*t + 2*p = 0. Suppose 2*z - 3564 - 65 = t*o, 3*z - 4*o - 5426 = 0. List the prime factors of z.
2, 17, 53
Let k be ((-23)/(-11) + -1)/(10/55). What are the prime factors of 6 + (-7 - -230) + k?
5, 47
Let m = 9 + -4. Suppose -21*y - 19*y + 86 = 3*y. Suppose -4*u = -m*c + 376 - 1037, y*c + 646 = 4*u. What are the prime factors of u?
3, 53
Let l(g) = -g**2 + g + 1. Let f(q) = -3*q**3 - 15*q**2 - 16*q - 2. Let t(z) = f(z) - 2*l(z). What are the prime factors of t(-9)?
2, 17, 19
Suppose 7 = 2*d + 5*m + 25, -88 = 4*d - 3*m. Let v(r) = -r**3 - 17*r**2 + 40*r + 27. Let a be v(d). What are the prime factors of 2182/10 - (a/(-5) + -2)?
2, 109
What are the prime factors of 24/(-9)*-16*(116 - -34)?
2, 5
Let m = 28938 + -16796. List the prime factors of m.
2, 13, 467
Suppose 53*i + 39*i - 2990032 - 1934728 = 0. List the prime factors of i.
2, 5, 53, 101
Let u be 28/(-84) - (-10)/3. Suppose -u*b = 7*b - 670. List the prime factors of b.
67
Let s(t) be the first derivative of 2*t**3/3 + 2*t**2 + 197*t - 16. List the prime factors of s(0).
197
Let h = 58938 + -18103. List the prime factors of h.
5, 8167
Let d(r) = 2*r**2 + 23*r + 33. Let u be d(-9). Let y(g) = g**3 + 13*g**2 - 3*g + 3. List the prime factors of y(u).
3, 61
What are the prime factors of -2*(-27)/(-6) + 70?
61
List the prime factors of (-37 - 2057)*(15/(-3) - 1).
2, 3, 349
Let a = -24 - -15. Let j = a + 14. What are the prime factors of (-6)/(-3) - (j + -77)?
2, 37
Let b(m) = 26*m**2 - m + 2. List the prime factors of b(-7).
1283
Let j be (1*-8)/(-4) - -1. Suppose 3*d - 20 = t, j*t + 25 = 4*d + 2*t. Suppose o - d*o = -292. What are the prime factors of o?
73
What are the prime factors of (3 - -3987) + 4*39/26?
2, 3, 37
Suppose 16*z - 105 = -25. Suppose 1668 = 2*w - 4*c, 4*c = -z*w + 2*c + 4218. What are the prime factors of w?
2, 421
Suppose 8*q - 11*q - 5*z + 15938 = 0, 0 = -3*z - 15. List the prime factors of q.
17, 313
Let k(y) = 128*y + 14. Let m be k(3). Suppose -4*g + m = 2*a, 0 = 2*g - a - 0*a - 201. What are the prime factors of g?
2, 5
Suppose 69 = j + 67, 3*l = -2*j + 7615. List the prime factors of l.
43, 59
Let g = 1342 + -1306. What are the prime factors of g?
2, 3
Suppose 0 = 5*p - 3*a - 1600, -2*a = p + a - 302. List the prime factors of p/((-10)/(-4) - 2).
2, 317
Let h = -24 - -24. Suppose h = 3*r - 1511 + 494. Suppose -r = -4*q - 63. List the prime factors of q.
3, 23
Let a = 315 - 325. Let j(h) = h**3 + 16*h**2 + 30*h - 3. List the prime factors of j(a).
3, 11
Let f be 1/(1/(-10)*8/(-4)). Suppose 0 = -3*n + q + 14, -3*n = -f*q - 19 - 15. What are the prime factors of 1/n - 3614/(-39)?
3, 31
Suppose 0 = -415*w + 419*w - 120. What are the prime factors of 4384/w + 76/(-570)?
2, 73
Let u be 2 + (-575)/(-5) - 3/(-3). Suppose -5*c - u = g + 79, -3*g = 5*c + 591. Let o = 278 + g. List the prime factors of o.
3
Let v = 3098 + 5234. List the prime factors of v.
2, 2083
Suppose 4*t - 3*x = 2*t + 72, 121 = 3*t + 2*x. Let w = 41 - t. Suppose 0 = w*j - 49 - 63. List the prime factors of j.
2, 7
Let v = 12697 - 4404. What are the prime factors of v?
8293
Suppose -2*z = -5*j + 3671, 568 = 2*j - 4*z - 894. Suppose 3*b - 327 = 3*h + j, -5*h - 1414 = -4*b. What are the prime factors of b?
2, 89
Let c(m) = -6*m - 15. Let n be c(-2). List the prime factors of 6*554/(-36)*n.
277
Let n(l) = -12*l + 28. Suppose -21*w - 82 = 254. List the prime factors of n(w).
2, 5, 11
Let g(x) = -x**2 - 21*x + 49. Let u be g(-23). Suppose -u*c - 6*c + 1323 = 0. What are the prime factors of c?
3, 7
Let u(b) = 4*b**3 - 30*b**2 + 278*b - 21. List the prime factors of u(11).
3, 19, 83
Suppose -19 = -2*l - 3*j + 43, 134 = 5*l - 3*j. List the prime factors of 207/(-1*(-4)/l).
3, 7, 23
Suppose 0 = -6*q + 2*q + 176. Let o =